20
Let f(u) = -4*u**2 + 220*u + 49. What is f(56)?
-175
Let j(v) = 29*v**2 + 176*v + 23. What is j(-6)?
11
Let q(v) = -v**3 - 14*v**2 + v + 6. Give q(-14).
-8
Let z(m) = -23*m**2 + 24*m + 25. What is z(-1)?
-22
Let c(r) = 12*r**3 - 172*r**2 - 127*r + 108. Calculate c(15).
3
Let t(o) = 1455*o + 8731. Calculate t(-6).
1
Let a(l) = l**3 - 17*l**2 - 187*l + 1134. Calculate a(23).
7
Let s(j) = 5*j**3 - j. Calculate s(1).
4
Let x(q) = 3*q**3 + 16*q**2 - 13*q - 29. Give x(-6).
-23
Let f(u) = -u**2 - 113*u + 1103. Determine f(9).
5
Let s(y) = -26*y**2 + 481*y + 21. What is s(18)?
255
Let r(d) = -26*d + 188. Calculate r(7).
6
Let w(f) = -f**3 + 21*f**2 + 8*f - 46. What is w(21)?
122
Let j(b) = -3*b**3 + 3*b**2 - 2*b + 54. Give j(0).
54
Let b(a) = 20*a - 77. What is b(0)?
-77
Let x(g) = -g**3 - 76*g**2 + 861*g + 91. Determine x(-86).
5
Let g(f) = 3*f**3 + 12*f**2 + 6*f - 6. Give g(-4).
-30
Let o(s) = -31*s**2 - 202*s - 203. Give o(-1).
-32
Let f(c) = 6*c**3 - 483*c**2 - 264*c + 1702. Determine f(81).
1
Let f(r) = -3*r**2 + 46*r + 364. Give f(21).
7
Let s(m) = m**3 + 92*m**2 - 4*m - 331. Determine s(-92).
37
Let d(t) = -3*t**3 - 10*t**2 - 25*t + 9. Give d(-6).
447
Let f(z) = -8*z**2 - 72*z - 36. Calculate f(-12).
-324
Let y(s) = 3*s**3 - 42*s**2 + 34*s + 22. Give y(13).
-43
Let z(o) = 2171*o - 30412. What is z(14)?
-18
Let u(y) = 3*y**2 - 199*y - 345. Give u(68).
-5
Let m(v) = -v**2 + 1266*v - 3792. What is m(3)?
-3
Let p(r) = r**3 - 43*r**2 + 68*r + 2066. Calculate p(40).
-14
Let a(x) = 3*x**2 - 28*x - 547. What is a(19)?
4
Let y(x) = -9*x**2 - 44*x + 50. Give y(1).
-3
Let i(b) = 444*b + 144743. Determine i(-326).
-1
Let n(h) = 9*h**2 + 231*h + 597. Give n(-3).
-15
Let o(f) = 3*f**3 - 290*f**2 - 94*f - 300. Calculate o(97).
-9
Let r(f) = -f**3 + f**2 + 105*f - 61. What is r(-10)?
-11
Let v(x) = 2*x**2 - 5*x - 38. Calculate v(-4).
14
Let q(r) = -105*r + 156. Determine q(5).
-369
Let k(p) = -12*p**2 + 204*p + 212. Give k(18).
-4
Let c(a) = -4*a**2 - 8*a + 20. What is c(5)?
-120
Let z(f) = -3*f**2 - 77*f - 398. Determine z(-7).
-6
Let c(o) = -2*o**2 + 1973*o - 38657. Give c(20).
3
Let v(j) = j**2 - 54*j + 243. What is v(49)?
-2
Let a(x) = -x**3 + 65*x**2 - 17. Calculate a(65).
-17
Let x(w) = -w**2 - 72*w - 1074. Determine x(-50).
26
Let z(m) = 277*m - 36032. Calculate z(130).
-22
Let k(x) = x**3 - 29*x**2 + 40*x + 382. Calculate k(27).
4
Let v(y) = 5*y**3 - 8*y**2 - 13*y - 29. What is v(3)?
-5
Let a(l) = -75*l**3 + 451*l**2 - 7*l + 1. Give a(6).
-5
Let t(b) = 16*b**2 + 22*b - 123. Calculate t(4).
221
Let q(m) = 2*m**2 + 177*m + 431. Calculate q(-86).
1
Let g(k) = -5*k**2 + 94*k - 282. What is g(15)?
3
Let q(l) = -31*l**2 + 776*l - 24. Calculate q(25).
1
Let q(v) = 96*v - 235. Determine q(3).
53
Let p(w) = 3*w**2 + 73*w - 873. Determine p(10).
157
Let i(f) = f**3 + 8*f**2 - 241*f + 90. Calculate i(12).
78
Let k(p) = 9*p**2 + 6*p + 43. Determine k(-7).
442
Let o(j) = 2196*j + 8757. Calculate o(-4).
-27
Let n(g) = g**3 - 21*g**2 + 32*g + 120. Calculate n(19).
6
Let s(r) = -14*r - 130. What is s(-8)?
-18
Let f(a) = -3*a**2 + 5*a + 33. Determine f(-8).
-199
Let j(z) = 613*z - 1210. What is j(2)?
16
Let g(a) = -a**3 + 884*a + 482. What is g(30)?
2
Let q(k) = -4*k**2 - 29*k - 13. Determine q(-6).
17
Let w(x) = -1221*x - 14533. What is w(-12)?
119
Let d(z) = -979*z - 59734. Calculate d(-61).
-15
Let s(z) = z**3 + 13*z**2 + 318*z + 4158. What is s(-13)?
24
Let q(l) = 7*l**2 - 50*l + 9. Give q(9).
126
Let g(r) = 63*r**2 - 16*r + 5. Determine g(-1).
84
Let f(h) = -h**3 - 24*h**2 - 44*h + 35. Determine f(-22).
35
Let d(n) = -1273*n + 7578. Calculate d(6).
-60
Let s(o) = -o**2 + 755*o - 2249. Calculate s(3).
7
Let q(f) = f**3 - 38*f**2 + 74*f + 78. What is q(36)?
150
Let b(y) = y**3 - 6*y**2 + 13*y - 45. What is b(7)?
95
Let y(o) = -2*o**2 - 81*o - 755. Calculate y(-25).
20
Let v(k) = -2*k**2 + 191*k + 14314. What is v(145)?
-41
Let y(g) = g**3 + 16*g**2 - 17*g + 78. Give y(-17).
78
Let v(r) = r**3 + 23*r**2 - 16*r - 118. What is v(-25)?
-968
Let m(t) = -t**2 - 29*t - 38. Calculate m(-10).
152
Let p(f) = 240*f + 628. What is p(-3)?
-92
Let w(c) = 2*c**2 + 45*c + 359. Calculate w(-15).
134
Let r(g) = -g**3 - g**2 - 49*g + 8. Determine r(0).
8
Let a(m) = -183*m + 5299. Determine a(29).
-8
Let z(l) = -29*l - 1037. What is z(-35)?
-22
Let f(a) = a**2 + 401*a + 37339. Give f(-254).
1
Let p(x) = -2*x**2 - 56*x + 1016. Calculate p(-41).
-50
Let k(c) = 16*c**2 + 453*c + 144. Calculate k(-28).
4
Let x(l) = -l**3 - 31*l**2 - 84*l - 761. Give x(-29).
-7
Let p(w) = w**2 + 48*w - 1065. Calculate p(-67).
208
Let q(s) = -s**2 + 20*s + 2221. Give q(57).
112
Let a(h) = h**3 - 31*h**2 - 65*h - 74. Calculate a(33).
-41
Let o(h) = -4*h - 34. Calculate o(11).
-78
Let y(n) = n**3 + 16*n**2 + 63*n + 162. What is y(-15)?
-558
Let l(d) = -42*d - 272. What is l(-4)?
-104
Let x(j) = 31*j - 988. What is x(33)?
35
Let f(q) = 11*q**2 - 10*q + 63. Give f(6).
399
Let f(h) = h**3 - 2*h**2 - 13*h - 17. Determine f(5).
-7
Let g(m) = -34*m**2 - 265*m - 20. What is g(-8)?
-76
Let w(m) = -64*m**2 + 119*m + 9. Calculate w(2).
-9
Let i(f) = 304*f + 1836. Determine i(-6).
12
Let l(c) = 4*c - 53. Give l(30).
67
Let q(w) = -37*w - 615. What is q(-18)?
51
Let v(s) = -45*s - 210. Determine v(-4).
-30
Let u(s) = -s**2 + 15*s + 116. Give u(0).
116
Let o(f) = 2989*f + 6007. What is o(-2)?
29
Let l(r) = r**2 + 120*r - 4868. Give l(32).
-4
Let r(k) = k**2 - 134*k + 1047. What is r(8)?
39
Let y(x) = 2*x**3 + 42*x**2 - 41*x + 59. What is y(-22)?
-7
Let f(n) = n**2 + 2*n + 13. Give f(-5).
28
Let r(f) = 3*f**2 - 108*f + 101. Determine r(35).
-4
Let c(t) = -151*t - 2094. Calculate c(-14).
20
Let b(x) = -27*x + 26. Give b(-2).
80
Let i(h) = -h**3 + 8*h**2 - 11*h - 17. Determine i(5).
3
Let b(q) = -3*q**2 - 394*q - 6213. What is b(-113)?
2
Let p(m) = -2*m**2 - 5*m + 531. Calculate p(15).
6
Let p(q) = -4*q + 345. Determine p(68).
73
Let t(z) = 2*z**2 - 23*z + 22. Calculate t(10).
-8
Let p(t) = -t**2 + 65*t - 86. Calculate p(63).
40
Let d(f) = -18*f + 266. Determine d(18).
-58
Let k(x) = -104*x - 1977. What is k(-19)?
-1
Let m(u) = -5*u**2 + 43*u - 89. What is m(5)?
1
Let i(x) = -13*x + 89. Give i(9).
-28
Let o(k) = -k**2 - 28*k + 295. Calculate o(8).
7
Let k(c) = 3*c**2 + 268*c - 548. Calculate k(2).
0
Let j(b) = -11*b**3 - 186*b**2 + 12*b - 117. Give j(-17).
-32
Let b(u) = 27*u**2 + 21*u - 20. Calculate b(1).
28
Let s(z) = -11*z**3 - 5*z - 8. Determine s(2).
-106
Let u(o) = -6*o**3 + 6*o**2 + 4*o - 9. Give u(1).
-5
Let d(x) = 13*x**2 + 28*x + 125. Calculate d(-4).
221
Let a(g) = -g**3 - 10*g**2 + 71*g - 66. What is a(-15)?
-6
Let m(v) = v**3 - 40*v**2 - 82*v - 115. Give m(42).
-31
Let a(j) = -31*j**2 + 397*j + 60. Give a(13).
-18
Let q(n) = -117*n - 88. Determine q(-1).
29
Let b(z) = 463*z**2 + 486*z + 28. Give b(-1).
5
Let b(o) = -o**3 - 10*o**2 - 14*o + 5. Calculate b(-8).
-11
Let q(w) = w**3 - 1560*w**2 - 9390*w + 3. Determine q(-6).
-33
Let r(y) = 2192*y + 85478. Calculate r(-39).
-10
Let m(c) = 2*c**3 + 5*c**2 + 7*c - 24. Determine m(2).
26
Let o(d) = -d**3 + 17*d**2 - 58*d + 30. What is o(13)?
-48
Let w(m) = -15*m - 385. Determine w(-21).
-70
Let f(h) = -26*h**2 + 2341*h - 13. What is f(90)?
77
Let g(v) = -32*v + 30. Give g(2).
-34
Let h(x) = 23*x - 302. What is h(17)?
89
Let s(l) = 504*l - 3000. Calculate s(6).
24
Let f(v) = v**2 + 172*v - 12762. Determine f(56).
6
Let d(g) = 2*g**3 - 15*g**2 - 15*g + 27. Calculate d(8).
-29
Let s(p) = -p**2 - 2*p + 31. Calculate s(0).
31
Let p(n) = -89*n + 27. Give p(2).
-151
Let w(m) = -161*m**2 - 645*m. Calculate w(-4).
4
Let t(y) = 1074*y - 5391. Calculate t(5).
-21
Let k(m) = -16*m + 66. Determine k(4).
2
Let d(r) = r**3 + 12*r**2 - 363*r - 21. Give d(14).
-7
Let z(u) = -341*u - 1035. Calculate z(-3).
-12
Let m(h) = -3*h**2 - 96*h - 200. Give m(-28).
136
Let h(v) = v**2 - 128*v + 621. Determine h(5).
6
Let h(p) = -p**3 + 12*p**2 + 88*p - 1079. What is h(10)?
1
Let a(j) = -3*j**2 - 68*j - 94. Calculate a(-21).
11
Let s(n) = 2*n**2 + 3*n - 1366. Calculate s(-27).
11
Let s(c) = -8*c**2 + 164*c - 1174. What is s(7)?
-418
Let f(a) = -113*a + 212. Calculate f(0).
212
Let c(g) = -254*g + 2757. Determine c(11).
-37
Let i(m) = -m**2 - 7*m + 1653. What is i(37)?
25
Let f(b) = b**3 - 1